 (base 8) to base 4.
102213231023
Convert 123ac78 (base 14) to base 5.
4220002310
What is 4023031 (base 6) in base 8?
562673
What is 152154 (base 8) in base 11?
37947
Convert -34012004 (base 5) to base 12.
-12438a
What is -11a277 (base 13) in base 4?
-1213011310
Convert -1172a39 (base 12) to base 16.
-33a64d
30c66 (base 14) to base 8
345672
-41510514 (base 7) to base 3
-20120202001120
-13258365 (base 9) to base 2
-11000111011010010111001
What is a7843 (base 12) in base 15?
455a9
-15406216 (base 8) to base 13
-970369
What is -3ed6a4 (base 15) in base 12?
-102293a
Convert 20211211112 (base 4) to base 16.
225956
What is 1152774 (base 9) in base 6?
21223151
326722 (base 9) to base 8
575236
What is a1344 (base 11) in base 13?
52584
Convert -ac33 (base 13) to base 5.
-1232130
-34bd7e (base 15) to base 10
-2520794
233323310 (base 4) to base 14
517a4
12280582 (base 9) to base 3
102022200122202
Convert -43 (base 8) to base 4.
-203
What is -764468 (base 10) in base 7?
-6332525
Convert 100333111031 (base 4) to base 14.
83d101
286ba62 (base 12) to base 3
120020220111002
What is -341403 (base 11) in base 14?
-10211d
Convert -cef0 (base 16) to base 4.
-30323300
-258202 (base 16) to base 4
-21120020002
-10000110101011110000 (base 2) to base 12
-227300
What is -1013201013 (base 4) in base 2?
-1000111100001000111
Convert 1002040315 (base 6) to base 12.
34a909b
-151144312 (base 6) to base 13
-85c232
Convert -2718422 (base 9) to base 13.
-401957
-7eee9e (base 15) to base 11
-347a1a9
Convert 22013130301 (base 4) to base 13.
71b105
What is -2d4236 (base 14) in base 10?
-1586472
What is -1950640 (base 10) in base 14?
-38ac36
1011011110011110001 (base 2) to base 6
12020545
-2321301113 (base 4) to base 16
-b9c57
Convert 20500103 (base 6) to base 12.
24a633
Convert 3636b2 (base 12) to base 11.
549a79
What is 3091826 (base 10) in base 3?
12211002012002
What is -1a1a40 (base 14) in base 15?
-1348ce
Convert 26656541 (base 7) to base 11.
1436401
1330154 (base 7) to base 11
10a82a
Convert -1603b (base 13) to base 12.
-20229
250352221 (base 6) to base 16
4913f5
What is -11110001010010010111 (base 2) in base 16?
-f1497
What is -8c4717 (base 16) in base 14?
-131443d
13205372 (base 9) to base 5
3130434333
-1e7cc (base 15) to base 3
-12001200110
Convert 100341002 (base 8) to base 5.
13311024133
Convert -4423422312 (base 5) to base 10.
-9592207
What is 33001122 (base 5) in base 2?
1000100101101000100
What is 255210040 (base 6) in base 5?
2240242224
What is 56343 (base 14) in base 5?
23143231
-17757a2 (base 13) to base 16
-748c47
Convert -9b1ba (base 14) to base 9.
-633147
12378364 (base 9) to base 15
80003d
-130951 (base 14) to base 2
-10011111111000111011
Convert 12988432 (base 10) to base 11.
7371446
What is 45ad1c (base 14) in base 16?
24370e
Convert -1597aa5 (base 11) to base 7.
-32053530
Convert 6377874 (base 9) to base 5.
1333330123
-235343322 (base 6) to base 4
-101001100202
Convert -110210121 (base 4) to base 16.
-14919
Convert -11000010011000010010111 (base 2) to base 11.
-36604a2
What is 34434210 (base 5) in base 7?
2436024
-45041 (base 11) to base 4
-33323300
Convert -a298 (base 11) to base 2.
-11010101011011
Convert -366ab8 (base 13) to base 8.
-4753454
Convert 10c007 (base 16) to base 12.
44b31b
Convert 1100022020222 (base 3) to base 2.
10101110011101110000
Convert -20322200 (base 5) to base 16.
-28d07
Convert -95886 (base 15) to base 7.
-4014111
Convert 3135eb (base 16) to base 7.
36261346
Convert -11100000010101110000 (base 2) to base 6.
-31410052
Convert -3086994 (base 10) to base 13.
-841131
Convert -27534e (base 15) to base 16.
-1cd9bd
-1665578 (base 10) to base 5
-411244303
Convert 620705 (base 11) to base 15.
14a395
What is 56538a (base 13) in base 11?
1173294
Convert -d3376 (base 14) to base 2.
-1111100000110101100
6345cc (base 13) to base 3
11101000220000
What is 1546215 (base 8) in base 3?
211122020000
What is 278b981 (base 12) in base 11?
45064a2
What is 4052842 (base 9) in base 11?
1246415
Convert -7104 (base 8) to base 13.
-187c
-3122004 (base 5) to base 10
-51504
Convert -13045035 (base 6) to base 7.
-3423353
1011021122221 (base 3) to base 4
2112111100
Convert 100011000010010110001 (base 2) to base 15.
17a28b
Convert -357661 (base 8) to base 15.
-265bb
What is 2b83a6 (base 14) in base 9?
2767260
What is -14429510 (base 10) in base 14?
-1cb87d4
What is 122012110031 (base 4) in base 12?
235b325
What is -a439a1 (base 13) in base 5?
-1440213132
What is -1fb59e (base 16) in base 14?
-3c1486
What is -770743 (base 12) in base 2?
-111001100111100100011
11b142 (base 14) to base 10
606678
What is 11f8c6 (base 16) in base 5?
300142143
-1110000010111111110 (base 2) to base 14
-bda58
3aa9f8 (base 16) to base 4
32222213320
What is 190a93 (base 12) in base 5?
102441012
What is -100225510 (base 6) in base 10?
-1699026
-b8a16 (base 14) to base 8
-1550054
What is 100002222012110 (base 3) in base 14?
90052c
1312132344 (base 5) to base 8
14267454
-192930 (base 10) to base 9
-323576
What is -1111011333 (base 4) in base 6?
-11245343
Convert -2344042 (base 6) to base 8.
-357532
What is -350 (base 7) in base 8?
-266
-3330b2 (base 14) to base 9
-3236770
Convert 1596c (base 15) to base 5.
4212002
What is 12611505 (base 7) in base 3?
2012001220010
What is 15045304 (base 6) in base 12?
210834
-2212011122 (base 3) to base 16
-dbc2
What is -10100010110011110011111 (base 2) in base 4?
-110112132133
Convert -102304610 (base 7) to base 16.
-5c5961
What is 11144140 (base 5) in base 12?
499a8
Convert -116319 (base 10) to base 3.
-12220120010
What is -303000301113 (base 4) in base 7?
-221443614
What is 47702 (base 15) in base 7?
1635566
Convert 51255122 (base 6) to base 12.
5aa4a2
Convert -556357 (base 11) to base 10.
-886871
What is -c32814 (base 13) in base 10?
-4546962
Convert 11220011201010 (base 3) to base 14.
4ba15a
Convert -10cda8d (base 15) to base 12.
-404a167
Convert 26500621 (base 8) to base 11.
33913a0
What is -3e7fc (base 16) in base 7?
-2114226
Convert -146c5 (base 15) to base 11.
-45371
What is 214214345 (base 6) in base 15?
50dccb
What is -1032021131 (base 4) in base 6?
-10505525
Convert -1a71785 (base 11) to base 16.
-35346d
Convert 14123003 (base 5) to base 2.
100011011111100010
What is -52354a (base 13) in base 16?
-1d503d
Convert -443b (base 14) to base 7.
-46304
21211212211 (base 3) to base 2
100101101101011110
2953753 (base 12) to base 16
7ef96f
-1121001121121 (base 3) to base 9
-1531547
What is -1011101110110110001100 (base 2) in base 11?
-1810710
What is -1133365 (base 7) in base 8?
-427042
What is 1b0243 (base 12) in base 16?
74853
What is -1035152 (base 6) in base 2?
-1100100111101100
-13b774b (base 12) to base 4
-33022021223
What is 133431302 (base 6) in base 10?
2694710
123085 (base 9) to base 6
1332335
What is 21b85 (base 15) in base 14?
2b10d
Convert -113898 (base 11) to base 12.
-88734
-6ed1a (base 16) to base 3
-212001122122
What is 101310230121 (base 4) in base 15?
6245a6
Convert -326e94 (base 16) to base 4.
-30212322110
What is 13622651 (base 9) in base 12?
231440a
-39650 (base 13) to base 5
-11402120
-101266 (base 11) to base 8
-475610
Convert -4a1377 (base 12) to base 14.
-235191
What is -2131232002 (base 4) in base 10?
-646018
Convert -15490 (base 14) to base 6.
-1045330
What is 23023260 (base 8) in base 13?
1059755
Convert 161cda (base 15) to base 16.
10515d
-1155a67 (base 11) to base 13
-556793
What is -334572 (base 8) in base 3?
-12202000212
Convert 478a0a (base 11) to base 16.
b931f
Convert -2210342102 (base 5) to base 8.
-22163461
Convert -255151 (base 8) to base 16.
-15a69
244413342 (base 5) to base 11
729a18
What is 570441 (base 11) in base 9?
1633820
What is -76212 (base 10) in base 2?
-10010100110110100
What is -23432234 (base 7) in base 16?
-1faa89
What is -382533 (base 10) in base 13?
-105168
What is 1357902 (base 10) in base 13?
3870c0
What is 122103 (base 5) in base 12?
2839
Convert 10104533 (base 6) to base 5.
33220102
What is 1200544 (base 8) in base 6?
11010404
What is 1829c42 (base 14) in base 7?
203312012
-11544450 (base 6) to base 16
-5abee
Convert 29d294 (base 14) to base 10.
1457586
What is -3346bb (base 12) in base 7?
-6640553
Convert 5a0c0 (base 14) to base 15.
4515d
Convert -3653643 (base 9) to base 8.
-7443206
-5a065 (bas